 z(1). Suppose 4*w = 3*f + 63, 79 = 5*w - 4*f - 0*f. Calculate the highest common factor of m and w.
15
Let m(l) = l**2 - 10*l - 18. Let w be m(13). Calculate the highest common divisor of 3 and w.
3
Let u be (-2)/(-4) - (-15)/10. Suppose 10 = u*f - 2. Calculate the highest common factor of 54 and f.
6
Let u(c) = c**2 + 6*c + 7. Let l be u(-7). Calculate the highest common divisor of 14 and l.
14
Suppose 0 = 5*z - 241 - 199. What is the highest common divisor of 11 and z?
11
Let d(v) = -v + 10. Let u be d(6). Suppose -414 = -u*l - 98. Suppose -l = -2*s + 17. What is the highest common divisor of 12 and s?
12
Let o(j) = j**2 + 14. Let m be o(0). Let t(i) = 3*i - 10. Let d be t(-7). Let v = d - -66. Calculate the greatest common divisor of v and m.
7
Suppose 6*a - 176 = -5*a. What is the highest common factor of 112 and a?
16
Let q(w) be the first derivative of -w**2 + 4*w - 4. Let v be q(-7). Calculate the greatest common factor of v and 6.
6
Let n be 10/15 - 4/6. Suppose -2*q = -4*f + 18, 2*q + 2*q = 2*f - 6. Let v be 2 + (1 - n) + q. Calculate the highest common divisor of 16 and v.
4
Let q be (-2)/1*(-7 - -1). Let g = -17 - -19. Suppose g*a + 30 = 4*a - 2*c, -5*a = c - 57. What is the highest common divisor of q and a?
12
Let t be 54/(-4)*(-60)/9. Let l(w) = -11*w - 3. Let k be l(-3). What is the greatest common factor of k and t?
30
Let k be 6/(-4)*76/(-6). Let r = k - 14. What is the highest common factor of r and 1?
1
Let o = 89 + 21. Calculate the highest common divisor of 10 and o.
10
Let c be -1 + 21/1 + 0. Let u(t) = 2*t**3 - 8*t**2 + 5*t + 6. Let o be u(6). What is the highest common divisor of c and o?
20
Let u = 21 + -23. Let m = 0 - u. Calculate the greatest common factor of 2 and m.
2
Let q be (-105)/(-70)*140/3. What is the greatest common divisor of 20 and q?
10
Let y be (40/(-25))/(104/(-50) + 2). Calculate the greatest common divisor of 4 and y.
4
Let k(u) be the second derivative of u**4/4 + u**3/6 + u. Let v be k(-3). What is the greatest common divisor of v and 264?
24
Let l be (-3)/(-3) + -3 - -2. Let z = 4 + l. What is the greatest common divisor of 36 and z?
4
Let k be (59*-4)/(-2) - 1. Calculate the greatest common factor of k and 13.
13
Let c(o) = 2*o**3 + 2*o**2 + o - 1. Let x be c(-2). Let l be (x + -3)/((-6)/9). Let d be ((-9)/4)/(l/(-224)). What is the highest common factor of 6 and d?
6
Let u = 4 - -20. What is the greatest common factor of u and 168?
24
Suppose 0 = -4*z - 0*z - 5*d - 40, -5*z - 2*d - 67 = 0. Let i = 1 - z. What is the greatest common factor of i and 16?
16
Suppose -4*q - 46 = -0*q - 2*d, 2*d = q + 16. Let s = q + 18. Calculate the greatest common divisor of s and 88.
8
Suppose -124 + 12 = -2*m. Let x be (8/(-10))/((-8)/20). Suppose m = x*y - 74. Calculate the greatest common divisor of y and 13.
13
Let u = 125 + -71. What is the highest common factor of u and 27?
27
Let a = -23 - -39. Suppose 3*k + r - 3 = 3*r, 0 = k - r. Let v be -1 - -48 - k - 4. What is the greatest common divisor of a and v?
8
Suppose 3*z = 21 + 6. Let q(b) = 3*b + 54. Let t be q(9). What is the greatest common divisor of z and t?
9
Let u = -10 - -16. Suppose 5*w + u*v = v - 35, -2*w = -4*v - 10. Let f be 21 + (w - -1 - -5). What is the highest common factor of f and 6?
6
Let a(y) = 2*y**2 - 2*y - 6. Let q be a(7). Suppose 4*z - z = q. What is the highest common divisor of 13 and z?
13
Let u be (-44)/(-10) + (-4)/10. Suppose -u*z + 5*z - 99 = 0. Calculate the greatest common divisor of 9 and z.
9
Let f = 3 - 6. Let g be 1 + 9 + (-6)/f. Calculate the highest common divisor of g and 108.
12
Suppose -3*h + 18 = 3*f, -f - h = 3*f - 33. Let c = -9 - -8. Let k = f - c. Calculate the greatest common factor of k and 110.
10
Suppose 8 = 2*q - 0. Calculate the highest common factor of q and 1.
1
Let h be (-2)/3 - (-2)/3. Suppose -5*p - 8 = v + 3*v, -5*v - p + 11 = h. Suppose -b = -0*b - v. Calculate the greatest common factor of 3 and b.
3
Suppose 2*s - 19 - 25 = 0. Calculate the highest common factor of 44 and s.
22
Let d = 364 + -178. Let r = -32 + d. What is the highest common divisor of 14 and r?
14
Let u be (-3)/(-9)*2*3. Suppose -o + u = o. Let p be (-3)/o*(-20)/3. Calculate the greatest common factor of p and 30.
10
Let m = 2 + 7. Suppose -b = -2*j - 2*j + 9, 2*j - 12 = -2*b. Let w be (-2)/(-6) + 2/b. What is the highest common divisor of m and w?
1
Let z = -21 + 22. Let g(b) = -5*b - 6. Let x(y) = -45*y - 55. Let s(m) = -55*g(m) + 6*x(m). Let o be s(1). What is the greatest common factor of o and z?
1
Let x(j) = j**2 + 4*j + 1. Let h be x(4). Suppose 3*p = 3*d - 78, 5*p = -d + 4 - 2. Calculate the highest common factor of d and h.
11
Let y be 10/4 + (-6)/(-12). Suppose a - 5 + y = 0. What is the greatest common divisor of a and 1?
1
Let x = 82 + 26. Calculate the greatest common divisor of 27 and x.
27
Let w = -6 - -6. Suppose w = -3*p + 9. Calculate the greatest common factor of p and 27.
3
Suppose 0 = 6*w - 346 - 14. Let j(v) = -v**3 - 5*v**2 - 4*v - 5. Let n be j(-5). Calculate the greatest common divisor of w and n.
15
Suppose 0 = -5*d - f + 902, -d - 3*f + 186 = -0*d. Let z(a) = -3*a + 5. Let n be z(-5). Calculate the greatest common factor of n and d.
20
Suppose p = 2*p + h - 4, -h = 2. What is the highest common factor of 2 and p?
2
Let c(r) be the second derivative of r**3/2 - r**2/2 - 2*r. Let v be c(1). Let l = -21 - -25. Calculate the highest common factor of l and v.
2
Let m be ((-270)/105)/((-1)/7). Calculate the highest common factor of m and 6.
6
Suppose -504 = -2*o + 108. Calculate the greatest common divisor of 34 and o.
34
Suppose -2*r - 2*p = 3*r - 24, 2*r + 4*p = 0. Let a = 675 - 651. Calculate the greatest common divisor of a and r.
6
Suppose 0*m = -4*m + 40. Let b = 131 - 56. Suppose b + 35 = i. What is the highest common divisor of m and i?
10
Suppose 3*z = -2*i - 1084, -1832 = 5*z - 2*i - i. Let w = -199 - z. Suppose -4*l + 30 = p - l, -5*l = 4*p - 85. Calculate the highest common divisor of p and w.
15
Let d(m) = -4 - m + 0*m + 0*m. Let l be d(-13). Calculate the greatest common factor of l and 63.
9
Let b be (9/(-5))/((-9)/105). What is the greatest common divisor of b and 3?
3
Let t = -36 + 53. Let x(l) = -95*l - 3. Let y be x(-2). Calculate the highest common factor of y and t.
17
Let x(p) = 61*p. Let n be x(-2). Let b = 239 + n. Calculate the highest common factor of b and 13.
13
Let s(l) = -l**3 + 17*l**2 + 16. Let h be s(17). Calculate the greatest common divisor of 4 and h.
4
Let i(z) = -z**2 + 12*z - 12. Let n(j) = 9*j**3 - 2*j**2 + j. Let v be n(1). Let c be i(v). Calculate the greatest common divisor of 30 and c.
10
Suppose 2*w = -3*w. Suppose z = -w*z + 15. Calculate the greatest common divisor of z and 120.
15
Let x(k) = k**2 - 6*k + 14. Let g be x(10). What is the greatest common divisor of 36 and g?
18
Suppose -p + 0*k = -5*k - 140, -3*k - 611 = -4*p. Calculate the greatest common factor of 62 and p.
31
Let t be (4 - 4)/((-2)/(-1)). Let c(x) = x**3 - x**2 - x + 30. Let d be c(t). Suppose k = d + 15. Calculate the highest common factor of k and 5.
5
Let l be (36/14)/((-36)/(-336)). Suppose -b = 2*b - l. Suppose -3*m + 3*g + 95 = -28, 0 = -5*m - g + 199. What is the highest common factor of b and m?
8
Suppose -2*r = 2*f + 2*r - 18, 0 = r + 3. Suppose 0*y + 2*y = 6. Calculate the greatest common factor of f and y.
3
Let f = -38 - -70. Calculate the highest common factor of 4 and f.
4
Let r(m) = 3*m**2 + 3*m. Let d be r(4). Suppose -2*a - 40 = -3*a. Calculate the greatest common factor of a and d.
20
Suppose 3*a = -a + 60. Suppose x + 3*j - 2*j = a, 2*x = 3*j + 20. Let c = 7 + 6. What is the highest common factor of c and x?
13
Let k(y) = -13*y**3 - 4*y - 4. Let v be k(-2). What is the greatest common factor of 27 and v?
27
Suppose 0*y - 4*y = -44. Suppose y = -p - 4*z - 0*z, -2*p + 6 = z. Suppose 5*g = 2*g + l + 4, 2*l = -g - 1. What is the highest common divisor of g and p?
1
Let i be 1084/16 - (-2)/8. Suppose 0 = s - i - 31. Let b be (0 + 0)/2 + s. What is the highest common factor of b and 9?
9
Suppose 1 = -2*u + 25. Let l = 36 + -33. What is the greatest common factor of l and u?
3
Let p(o) = o**3 - 5*o**2 + 2*o - 4. Let d be p(5). Let n = 11 - 13. Let b be (-3 - 0 - n) + 67. What i